9) + 3 + 8)?
-11
(-8 - -39 - 34) + (-34 - 1)
-38
-6 - (-50 + 12 + 48)
-16
What is the value of -10 + (4 - 4) + 24 + -88 + 108?
34
(-15 + -20 - 20) + (113 - 117)
-59
12 - (-11 + (-14 - -16 - 2))
23
-33 + 29 + 61 + -75
-18
What is the value of 80 - (30 - (85 - 42))?
93
(-80 + (-28 - -27) - (-1 + -11)) + 3
-66
Evaluate -18 - (30 + -20 - 18) - (1 - (1 + -48)).
-58
What is -16 + -10 + 3 + (50 - -8) - (1 - 4)?
38
What is the value of 42 + -17 + -51 + -6?
-32
Calculate ((-3 - (-2 - -2)) + -8 - (-8 - 0)) + -32.
-35
Calculate (4 - 24) + (-38 + (-18 - -41) - -128).
93
0 + 6 + (-4 - -3) + (-79 - (-19 + -11))
-44
44 + 1 + (-525 - -550)
70
Evaluate 7 - (-2 + -34 + (0 - 11 - -10 - 1)).
45
28 - (4 - -1 - (261 + -238) - -14)
32
What is (-14 - -29 - (-2 - -32)) + 81 - 1?
65
What is the value of 102 - ((-30 + -12 - -18 - 1) + 0)?
127
(25 - -3) + -12 + (5 - -1 - 0)
22
Calculate 20 + 7 + -12 - (-14 - -52 - -13).
-36
What is the value of 37 + -19 + (1 - -34) + -11 + -1?
41
Evaluate -4 - (-25 - -5 - -36) - -10.
-10
Evaluate (-23 - (2 - (32 - 17))) + 21.
11
What is (22 - (-45 + 40) - 6) + -22?
-1
Calculate -10 - (16 + -67 + 25 + 11).
5
What is -3 + -1 + -4 + 190 + -225?
-43
Calculate 5 + -4 + 8 + -18 + 7 + (8 - 5).
1
What is the value of 29 + (5 - (13 - -15)) + -22?
-16
What is the value of 3 + 1 + 0 + 8 + (161 - 263)?
-90
Calculate -90 - 3 - (-10 + -24 + 8 - -7).
-74
What is (-34 - -18) + (15 + -8 - 12)?
-21
Evaluate (8 + -3 - -3 - (-87 - -75 - 62)) + 8.
90
Evaluate (41 + -35 - 35) + -1 + 26.
-4
78 - (127 + -43 - 42)
36
-2 + 70 - ((-47 - (-32 + 23)) + 44)
62
What is 50 + (4 + -30 - -1) + 17?
42
What is -1 - 60 - (9829 - 9840)?
-50
What is 2 + -8 - (2 - 2 - 2 - (29 - -2))?
27
What is the value of (-2 + -17 - -29 - (3 + 12)) + 4?
-1
What is 4 - 0 - -4 - (-12 - (51 + -50))?
21
What is the value of -1 - -64 - (114 + -127) - (-3 + 3)?
76
Evaluate 55 + -63 + 21 - -6 - (-1 + -10).
30
1410 - 1466 - (3 + -64)
5
-7 + 9 + -44 + (10 - 3 - (-11 + 25))
-49
(72 - (-20 - -65)) + -57
-30
22 + (-61 - -13) - 28 - -18
-36
63 - (82 + -82) - 27
36
Calculate 2625 + -2624 + (81 - 3).
79
116 + (-53 + 157 - 107)
113
(-1 - -43) + 3 + (-22 - (-52 + 16) - 6)
53
-3 + 3 + -3 - (-66 + (9 - -6))
48
What is 71 + (7 + -4 + -4 - -5 - -9) + -2?
82
Evaluate 59 + -1 + (3 - -26) + -16.
71
45 + -26 + (37 - -1) - (2 + 0 - 9)
64
What is (34 - -1) + 458 + -484 + 3 + (17 - 3)?
26
What is -11631 + 11630 - ((-1 - (-2 + -1)) + -13 + 1)?
9
What is (-4 - 10) + -1 + (6 + -10 - 0)?
-19
What is 50 + -14 + -17 + (5 - 73)?
-49
Evaluate -114 + 120 - ((-21 - -20) + 0 + 1) - -11.
17
Evaluate 22 + (7 - 42) - 19.
-32
Calculate 38 - 10 - (-64 + 17 - -47).
28
-68 + 9 - (13 - (7 + 19))
-46
3 + -61 + 5 - ((7 - (11 + -29)) + -21)
-57
2 + (-3 + 0 - -3) - (-1310 - -1257)
55
0 - -24 - (-1 - -19 - (73 + -43 + -18))
18
What is -12 - ((9 + -10 - -2 - -9 - 105) + 6)?
77
Calculate 1 - -66 - (-2777 + 2747).
97
120 + (-295 - -84) + 80
-11
What is (-89 - (-264 + 178)) + (56 - -1) + 0?
54
Evaluate 129 + -37 + (-8 - -35) + 23.
142
What is the value of -28 + -17 + 12 + (-4 - (-8 - -10)) + 11?
-28
26 - 14 - (-7 + (-12 - -66) + 12)
-47
-14 + -2 + 4 + (-23 - 25) + 18
-42
Calculate (-4 - 0) + 53 + -32 + -8 + (2 - 0).
11
Evaluate 2 + -30 + (30 + -9 - 8) - -14.
-1
What is the value of 27 - (75 - -7 - 1)?
-54
54 - (0 + 42 - -28)
-16
What is the value of 68 + 139 + -205 - (-12 + 0 + 2)?
12
What is the value of (-124 - -62 - -29) + -7 + -7?
-47
What is 1 + 39 - ((-13 - -3) + 7 - 0)?
43
Calculate 343 + -356 - (29 - (-9 - (-8 - -3))).
-46
Calculate -32 - (-18 - (17 - 22)).
-19
Evaluate -10 + 1 + 4 - (-3 + 24).
-26
Calculate 22 + -123 - (58 - 112).
-47
What is the value of 58 + -175 + 48 - -91?
22
What is -254 + 196 + (29 - 102)?
-131
Calculate 1 + -15 - (6360 + -6503).
129
Evaluate 2 + 27 - (-682 - -672).
39
Calculate 85 + -33 + -2 + (111 - 74).
87
What is -13 + (-64 + 50 - -26) + -20 + -2?
-23
Calculate -1 + 25 + 32 + (11 - 74).
-7
Evaluate (-4200 - -4183) + 61 + -1.
43
Calculate (-44 - (21 - 6)) + 12 - (0 - -15).
-62
Evaluate 2 - 3 - -9 - (-68 + 50 + 53).
-27
Evaluate 0 + -6 + 12 + -58 + (11 - 5 - 10).
-56
What is the value of (-57 - 15) + -6 + 31 + -22?
-69
What is the value of (-7 - -24) + -4 - 5 - (2 - -14)?
-8
Calculate -91 - (16 - (-9 - (6 + -31) - -16)).
-75
What is (-12 - -2) + (-19 - (6 + (-16 - 9)))?
-10
-7 + -9 + -8 + -20 + (1 - 3) + -2
-48
Calculate -117 - (12 + -98) - 36.
-67
What is the value of (-4 - (-27 + 38 + -12)) + (-2 - 0 - 21)?
-26
Evaluate -1 + -8 + 0 + (96 - (51 + -19) - -64).
119
What is 1 + 1 + 13 + -33 + 2 - -1?
-15
Calculate -52 + 21 + -66 - (8 - 29).
-76
Evaluate -484 + 487 + 7 + -56.
-46
What is (-2 + (-5 - -2) - 5) + 14 + (-33 - 11)?
-40
Evaluate (-9 + 15 + 4 - -4) + 8 + -3 - 4.
15
-15 - -9 - (51 - (-1 - (7 + -8)))
-57
What is the value of -12 + -5 + 1 + (-11 - -11) - (17 + -8)?
-25
What is the value of 58 + 31 + 16 + -34 + 10?
81
251 + -125 + -267 + 180
39
392 - 366 - (79 - 0)
-53
Calculate (-2 - -28) + (13 + 7 - (13 + 16)).
17
What is -43 - (31 + -34 - (-2 + 0))?
-42
(101 - 67) + (8 - (-6 - -3 - 4))
49
Calculate 17 + -5 + (2 - (-14 + -7)).
35
Evaluate (147 + -250 - (-3 - 38)) + (0 - -20).
-42
Calculate -2 + 54 - (-21 - ((-19 - -18) + -26)).
46
Evaluate 25077 - 25246 - (0 - 119).
-50
Calculate 17 + -47 + 18 - (-3 - (-6 - -27)).
12
Calculate 16 - (6 - 9 - 15 - -13).
21
Calculate 84 + -54 - 36 - -40.
34
What is the value of 1729 + -1799 - (-9 - -8)?
-69
8 - (-14 - 87 - -35)
74
What is -6 + -25 + (40 - -29)?
38
What is the value of 6 - ((-81 - 49) + 73)?
63
Calculate -9 + -30 + 11 + -8 + (2 - 7).
-41
Evaluate 1 - -1 - (-14 - -19) - (-10 - (-20 - -47)).
34
-69 - (28 + -34 + -31 + 16)
-48
What is 21 + -25 + (19 - (-24 + 28))?
11
What is the value of 2 + 6 - -33 - (122 - 102)?
21
Calculate -1919 + 1944 - (-4 - -4 - 30).
55
(-5 - 5) + (-15 + -116 - -45) - 10
-106
What is the value of 40 + -1 + 1383 + -1403 - (-1 + 6)?
14
Evaluate 55 + (-1 + -3 - (45 + -46) - (1 - -2)).
49
What is the value of 0 - 3 - (-39 - -60) - 13 - -12?
-25
Calculate -29 - (-26 + (-3 - -63)).
-63
What is the value of (-15 + -20 - (26 + -23)) + 1 + -1?
-38
Calculate -265 - -178 - (-2 - 26 - -4) - -8.
-55
What is -41 + 3 + (-57 - -78)?
-17
What is -17 + 16 + 0 + -6 + -1 + 28?
20
What is 155 - (-127 - (30 + -161))?
151
What is the value of -51 - (-18 + 3 + 4)?
-40
Calculate -6 - (7 + 2 + 9 + -8 + 9).
-25
Calculate 132 + (14 - (-4 - -2) - (-27 - (-33 - 8))).
134
132 + (-41 + (42 - 30) - -25)
128
What is (149 - 80) + 18 - 205?
-118
Evaluate -103 + (111 - 29 - (-18 - -57)).
-60
What is -29 - ((15 - 24) + -11)?
-9
Calculate 9 - (26 - 0 - (847 - 840)).
-10
-56 + 160 + -112 + -7
-15
What is (-5 - 25 - -104) + (-9 - -3 - -4)?
72
Calculate 3259 + -3364 - (-2 - 188).
85
Evaluate (3 - 9) + 6 + -2 + -14 + (-5 - -32).
11
Evaluate -6 - (-279 + 294 + -85 + -2) - 8.
58
What is -1 - 25 - (-283 - -240)?
17
What is 22 + (-7 - (-27 - (-30 + 14 - 0)))?
26
Calculate (5082 - 5176) + 2 + (2 - 0).
-90
-21 - (-13 + 29 + (-29 - -7) + -147)
132
Calculate 5 - (7 - (16 + -11 + -12)) - 42.
-51
What is the value of -2 + 0 - 76 - (1310 - 1331)?
-57
Evaluate -59 - (-3 + 21 + -42 + 29).
-64
Calculate (-1008 - -934) + (15 - 3).
-62
Evaluate -94 - (-48 + -6 + 47).
-87
-4 + 7 - 8 - (-166 + 50 - 19)
130
What is (13 - 40) + (13 - (8 - -2)) + -14?
-38
Evaluate (-1 - 1 - (10 - 14)) + (51 - (-5 - 0)).
58
51 + 63 - 97 - (-1 - 1)
19
What is the value of -8 + 10 + -89 - (-123 + 86)?
-50
Evaluate (1 - -9) + -290 + 273 + 9 + -8 - 9.
-15
Calculate -8 - -69 - (2240 - 2223).
44
What is the value of 0 + -23 + 7 + (-2 - -13)?
-5
Calculate 45 + (22 - (28 + 28)).
11
What is -93 + -30 + (-7 - -64) + -16?
-82
Calculate (0 - (-35 - -27)) + -15 - (1 - -8).
-16
What is -16 + 5 + (19 - (-14 + 24)) - -49?
47
What is -88 + (-29 - -120 - -13)?
16
Calculate (-73 + 4 - -120) + -49.
2
What is -2 + (22 - 9) + (-36 - -13) - (2 + -13)?
-1
Calculate 7 + -53 - (20 + -31 + 10).
-45
What is the value of -289 + 238 + (-43 - -17)?
-77
-13 + -2 + 7 - 23
-31
(-3 - (-1 + (12 - (4 - (-4 + 4))))) + -54
-64
Evaluate 3784 + -3772 + 0 + -110 + -26.
-124
What is -87 + 44 - -22 - (2 - 4)?
-19
Evaluate 2 - ((3 - (16 - (30 + -6))) + -9).
0
What is 24 - (-12 + -20 - -26 - -36)?
-6
What is (-54 - (9 + -7 - 5 - -4)) + 2 + 2?
-51
Evaluate -1 + 